2020210
In base 7, what is -124063132 - -5?
-124063124
In base 8, what is -110340 + -25323?
-135663
In base 7, what is -10111214 + -1143?
-10112360
In base 15, what is -4332 + 1d?
-4314
In base 8, what is 64 - 2315745?
-2315661
In base 12, what is -1 + 161231b0?
161231ab
In base 9, what is -2482814 + 278?
-2482525
In base 8, what is -121240 - -3647?
-115371
In base 9, what is -8162 + -70632?
-78804
In base 7, what is 3 + 13222424?
13222430
In base 16, what is -39f4b8 + -2?
-39f4ba
In base 4, what is -23222121322 + 302?
-23222121020
In base 6, what is -125355124102 + -5?
-125355124111
In base 8, what is 163 - -7747525?
7747710
In base 4, what is 21303 - -3311201?
3333110
In base 3, what is 121110212 - 21001022?
100102120
In base 14, what is 3 + 4b2a5dd?
4b2a602
In base 5, what is 1 - 133324444?
-133324443
In base 7, what is 54 + -1142460?
-1142403
In base 16, what is b30c29c - 2?
b30c29a
In base 4, what is -113013202 - 2311?
-113022113
In base 3, what is -1202011 + -2022202?
-11001220
In base 10, what is -243 + 3282193?
3281950
In base 4, what is -201112 - -210202330?
210001212
In base 3, what is -10102021211000222 + -1?
-10102021211001000
In base 6, what is -13 + -233432540?
-233432553
In base 16, what is 34baa58e + -2?
34baa58c
In base 2, what is -101000001100 - 110110011?
-101110111111
In base 2, what is -101000101010000001100001001 - -1?
-101000101010000001100001000
In base 3, what is -110 + 11020010020?
11020002210
In base 10, what is -9450 - -34168?
24718
In base 3, what is -21 - -22222012212012?
22222012211221
In base 11, what is -20 + 106630a?
106629a
In base 8, what is -444 - -75110?
74444
In base 4, what is -2013323301 + 13?
-2013323222
In base 7, what is -2 + -5144445510?
-5144445512
In base 2, what is 11010110010010111011110100 - -100?
11010110010010111011111000
In base 11, what is -5 - -20839028?
20839023
In base 14, what is 2b9c8 - 3b6?
2b612
In base 2, what is -1101000001011001001 - -111?
-1101000001011000010
In base 3, what is -1200210102 - 11202011?
-1212112120
In base 8, what is -5 - 10706137?
-10706144
In base 3, what is 12 - -11210210111220?
11210210112002
In base 14, what is -22 + -262d91?
-262db3
In base 10, what is -52 - -167845?
167793
In base 8, what is -13 + -42333?
-42346
In base 16, what is -217285de + 3?
-217285db
In base 14, what is -2cddb0 + 216?
-2cdb98
In base 11, what is -a3333169 + -3?
-a3333171
In base 16, what is -5 + f25bde?
f25bd9
In base 9, what is 3505 + -10450?
-5844
In base 16, what is 1c - aa5535?
-aa5519
In base 6, what is 152244 - 205?
152035
In base 7, what is 4 + 2626142042?
2626142046
In base 9, what is -11 - -46661051?
46661040
In base 12, what is -7072 + -38?
-70aa
In base 4, what is -3323 + -20001320?
-20011303
In base 6, what is -3 - -50333104?
50333101
In base 8, what is -1353 - 221?
-1574
In base 9, what is 4028 + -157258?
-153230
In base 15, what is -58e87eb - 4?
-58e8800
In base 2, what is -10001101101 + 101011001010?
11001011101
In base 13, what is 5 + 1712aa07?
1712aa0c
In base 7, what is -6364555 + -156?
-6365044
In base 10, what is -621938 + 588?
-621350
In base 16, what is 2 + -34b5a90?
-34b5a8e
In base 6, what is -21025 + 155032?
134003
In base 7, what is -1044 + -355661?
-360035
In base 2, what is 1010101001000111 + -10101001101?
1010010011111010
In base 2, what is 100010110001 - 1000111001011011?
-1000010110101010
In base 12, what is -1406082 + -1?
-1406083
In base 7, what is 6252152 + -336?
6251513
In base 4, what is -200121 - 2313102?
-3113223
In base 6, what is -34 - 1441433535?
-1441434013
In base 12, what is 150 + 1021?
1171
In base 6, what is 35 - -5424253?
5424332
In base 12, what is -332986 - 204?
-332b8a
In base 4, what is 102001201200231 + 0?
102001201200231
In base 10, what is 2687 - -14573?
17260
In base 12, what is -21b589b7 + -7?
-21b58a02
In base 13, what is 7a + 29bc30?
29bcaa
In base 11, what is 42a9577 - -5?
42a9581
In base 16, what is 63 + -d2c1?
-d25e
In base 15, what is 8b3824 - -3?
8b3827
In base 3, what is -200021120020011020 + -1?
-200021120020011021
In base 16, what is -37da14 - 2?
-37da16
In base 11, what is 265152 + -575?
264688
In base 13, what is -88 - 70a664?
-70a71c
In base 16, what is 0 + 1fb7bd?
1fb7bd
In base 5, what is 2022343 + 144?
2023042
In base 15, what is 3 - -548a2d2?
548a2d5
In base 9, what is 2868531 - -48?
2868580
In base 7, what is 1304504302 - 5?
1304504264
In base 14, what is 3 + -5244518?
-5244515
In base 15, what is -258 - 20dd1?
-21139
In base 16, what is -3b + 9db44?
9db09
In base 8, what is 315614 + -662?
314732
In base 8, what is 150 - 142301?
-142131
In base 4, what is -1230220 - 3222131?
-11113011
In base 16, what is -1 + -1d22ff?
-1d2300
In base 3, what is 221 - 202211120010011?
-202211120002020
In base 3, what is -2002 - 1222010101012?
-1222010110021
In base 9, what is 7480 - -2155?
10645
In base 3, what is 12011 + -22202010?
-22112222
In base 6, what is 140 - -5202052?
5202232
In base 12, what is -168912685 - -2?
-168912683
In base 16, what is b39260 - 3?
b3925d
In base 2, what is -1000001111001010001111001 + -101?
-1000001111001010001111110
In base 5, what is 20433403 + -12?
20433341
In base 6, what is -2 + 11404512525?
11404512523
In base 11, what is 1a6aa300 + -3?
1a6aa2a8
In base 15, what is 78c2 - -594?
7e66
In base 11, what is 5 + -1767a18?
-1767a13
In base 5, what is -2224024 + 233342?
-1440132
In base 8, what is -24561274 - -3?
-24561271
In base 11, what is -181 + a55a6?
a5425
In base 13, what is -31a42 - 791?
-32503
In base 4, what is 20022 + -13233012?
-13212330
In base 15, what is a + -3ed825?
-3ed81a
In base 4, what is -11 + 10133231021223?
10133231021212
In base 16, what is 15cd5b8 + 7?
15cd5bf
In base 4, what is -100010011130 - 101?
-100010011231
In base 6, what is 31330052 + 2?
31330054
In base 11, what is 2 + 1282a047?
1282a049
In base 2, what is 10 - -100000011110111101011110100?
100000011110111101011110110
In base 5, what is 231032142030 - 10?
231032142020
In base 2, what is 101 + -1001100101010000001100?
-1001100101010000000111
In base 11, what is 3031899 + 8?
30318a6
In base 3, what is -1000000201020202 - -11?
-1000000201020121
In base 15, what is -365a442 + 9?
-365a438
In base 7, what is 315 - 1011220?
-1010602
In base 14, what is -53746 - -358?
-533cc
In base 9, what is -2 + -860278821?
-860278823
In base 4, what is -1121 + -130332311230?
-130332313011
In base 14, what is -2890ac2 - -14?
-2890aac
In base 13, what is 2238 - -14c2?
372a
In base 10, what is 8 + -2530933?
-2530925
In base 11, what is 480 + -33639?
-33169
In base 16, what is 1db2 + -378b?
-19d9
In base 16, what is -1 - -18057?
18056
In base 2, what is 11000101000101010001001 - -101?
11000101000101010001110
In base 8, what is -1754451 + -6?
-1754457
In base 10, what is 6680 - -3969?
10649
In base 2, what is -1100011010 - -100100010011110011?
100100000111011001
In base 3, what is -200202 - -10021101112?
10020200210
In base 13, what is 4 + 2176c808?
2176c80c
In base 2, what is -100010101101100000 + 10000100?
-100010101011011100
In base 3, what is 20111002110 - 11220?
20110220120
In base 15, what is -77 + 10083c?
1007b5
In base 13, what is -360b7 + -1325?
-3740c
In base 5, what is 144400 + 1101?
201001
In base 10, what is -167143 - -17?
-167126
In base 14, what is 32 + 14b2c?
14b60
In base 2, what is -1100 - 1010110000111000001101?
-1010110000111000011001
In base 13, what is 5 - c72c186?
-c72c181
In base 6, what is 0 - 30344233022?
-30344233022
In base 15, what is -11c8dd2 + 1d?
-11c8db4
In base 16, what is -6c + -80a?
-876
In base 8, what is -6412532 + -46?
-6412600
In base 4, what is 33332001 + -2001?
33330000
In base 14, what is -12499832 - -2?
-12499830
In base 10, what is 437806 - 1481?
436325
In base 4, what is -3110032111221 + -3?
-3110032111230
In base 13, what is ab + 195a9?
19687
In base 8, what is 7 - -55005736?
55005745
In base 9, what is 7234460 - -33?
7234503
In base 11, what is -246 - 154a6a?
-155205
In base 11, what is -742a80 - 1?
-742a81
In base 11, what is a7 + 43aa81?
440078
In base 6, what is -21311313311 + -3?
-21311313314
In base 4, what is 131202002301 - -303?
131202003210
In base 5, what is -24311223244 + -1?
-24311223300
In base 7, what is -12033661 - 15?
-12034006
In base 2, what is 11 - 110001000101001110000011